{"id":30,"date":"2022-06-20T16:58:19","date_gmt":"2022-06-20T16:58:19","guid":{"rendered":"https:\/\/www.esev.ipv.pt\/seta\/?page_id=30"},"modified":"2022-06-30T15:05:24","modified_gmt":"2022-06-30T15:05:24","slug":"contactos","status":"publish","type":"page","link":"https:\/\/www1.esev.ipv.pt\/seta\/?page_id=30","title":{"rendered":"Contactos"},"content":{"rendered":"<p><a href=\"https:\/\/www.esev.ipv.pt\/\">Escola Superior de Educa\u00e7\u00e3o de Viseu<\/a><\/p>\n<p>Rua Maximiano Arag\u00e3o<\/p>\n<p>3504 &#8211; 501 VISEU PORTUGAL<\/p>\n<p><strong>Telefone: <\/strong>(+351) 232 419 000<\/p>\n<p><strong>Email de contacto para o Semin\u00e1rio: <\/strong>seta@esev.ipv.pt<strong><\/strong><\/p>\n<p><iframe loading=\"lazy\" width=\"600\" height=\"450\" style=\"border: 0;\" src=\"https:\/\/www.google.com\/maps\/embed?pb=!1m18!1m12!1m3!1d1513.3107761259448!2d-7.9141271364682515!3d40.660272001471675!2m3!1f0!2f0!3f0!3m2!1i1024!2i768!4f13.1!3m3!1m2!1s0xd2336584a9c5727%3A0x4b943406f66c0948!2sEscola%20Superior%20de%20Educa%C3%A7%C3%A3o%20de%20Viseu!5e0!3m2!1spt-PT!2spt!4v1634575742494!5m2!1spt-PT!2spt\" allowfullscreen=\"allowfullscreen\" data-mce-fragment=\"1\"><\/iframe><\/p>\n","protected":false},"excerpt":{"rendered":"<p>Escola Superior de Educa\u00e7\u00e3o de Viseu Rua Maximiano Arag\u00e3o 3504 &#8211; 501 VISEU PORTUGAL Telefone: (+351) 232 419 000 Email de contacto para o Semin\u00e1rio: seta@esev.ipv.pt<\/p>\n","protected":false},"author":1,"featured_media":0,"parent":0,"menu_order":0,"comment_status":"closed","ping_status":"closed","template":"","meta":[],"_links":{"self":[{"href":"https:\/\/www1.esev.ipv.pt\/seta\/index.php?rest_route=\/wp\/v2\/pages\/30"}],"collection":[{"href":"https:\/\/www1.esev.ipv.pt\/seta\/index.php?rest_route=\/wp\/v2\/pages"}],"about":[{"href":"https:\/\/www1.esev.ipv.pt\/seta\/index.php?rest_route=\/wp\/v2\/types\/page"}],"author":[{"embeddable":true,"href":"https:\/\/www1.esev.ipv.pt\/seta\/index.php?rest_route=\/wp\/v2\/users\/1"}],"replies":[{"embeddable":true,"href":"https:\/\/www1.esev.ipv.pt\/seta\/index.php?rest_route=%2Fwp%2Fv2%2Fcomments&post=30"}],"version-history":[{"count":8,"href":"https:\/\/www1.esev.ipv.pt\/seta\/index.php?rest_route=\/wp\/v2\/pages\/30\/revisions"}],"predecessor-version":[{"id":237,"href":"https:\/\/www1.esev.ipv.pt\/seta\/index.php?rest_route=\/wp\/v2\/pages\/30\/revisions\/237"}],"wp:attachment":[{"href":"https:\/\/www1.esev.ipv.pt\/seta\/index.php?rest_route=%2Fwp%2Fv2%2Fmedia&parent=30"}],"curies":[{"name":"wp","href":"https:\/\/api.w.org\/{rel}","templated":true}]}}